ple of 109?
True
Is 2367457 a multiple of 8?
False
Is 34583219 a multiple of 2537?
False
Is 1603148043 a multiple of 2697?
True
Is 105 a factor of 233392005?
True
Is 188 a factor of 71480796?
True
Does 175 divide 290646125?
True
Is 48 a factor of 95782090?
False
Is 89 a factor of 422424321?
False
Does 92 divide 1352742240?
True
Is 597442053 a multiple of 39?
True
Is 1106075787 a multiple of 9650?
False
Is 4351975860 a multiple of 102?
True
Is 17 a factor of 74834408?
True
Is 44 a factor of 109599996?
True
Does 33 divide 156038157?
True
Does 37 divide 3788947?
False
Is 10450 a factor of 1162256557?
False
Is 144401150 a multiple of 1325?
True
Is 489802038 a multiple of 13?
False
Is 136 a factor of 63401568?
True
Does 10 divide 2041631?
False
Does 11738 divide 2048574450?
True
Is 66976793 a multiple of 80?
False
Is 13 a factor of 23924429?
False
Does 379 divide 38793303?
True
Is 7311924 a multiple of 36?
True
Does 74 divide 1672160?
False
Is 17468320 a multiple of 16?
True
Is 17 a factor of 1119693134?
True
Does 18 divide 4200818040?
True
Is 234582586 a multiple of 13?
False
Is 136 a factor of 237589935?
False
Does 31 divide 321091522?
False
Is 11 a factor of 275575568?
False
Is 8 a factor of 558030192?
True
Is 100 a factor of 39396300?
True
Is 4 a factor of 1238041?
False
Is 26 a factor of 14740022?
False
Does 6797 divide 2508983407?
True
Is 22 a factor of 551157970?
True
Is 23270756 a multiple of 23?
True
Is 2085 a factor of 151885995?
True
Is 711 a factor of 893709225?
True
Is 13807560 a multiple of 78?
True
Does 68 divide 208413?
False
Does 115 divide 550198985?
True
Is 1079 a factor of 291911693?
False
Is 733 a factor of 31173024?
True
Is 7 a factor of 116321709?
True
Does 115 divide 398212146?
False
Is 1801 a factor of 684407015?
True
Does 3121 divide 1978648?
False
Is 1036 a factor of 1258558052?
False
Is 1048779312 a multiple of 6?
True
Is 726625983 a multiple of 173?
False
Is 9825 a factor of 6084135259?
False
Is 255853135 a multiple of 479?
False
Is 1024236 a multiple of 69?
True
Does 33 divide 91051041?
False
Is 20868707 a multiple of 587?
False
Is 8866725 a multiple of 110?
False
Is 14328116 a multiple of 946?
True
Is 5 a factor of 3425765?
True
Does 100 divide 28865051?
False
Is 78 a factor of 344836703?
False
Is 68219324 a multiple of 193?
True
Does 1155 divide 227680899?
False
Is 1117140 a multiple of 136?
False
Does 11 divide 1841941883?
False
Does 197 divide 95638772?
True
Is 342 a factor of 250302846?
False
Is 12 a factor of 34571649?
False
Does 1459 divide 1036771236?
True
Is 48 a factor of 21084859?
False
Is 175196760 a multiple of 1065?
True
Is 1268 a factor of 2455959673?
False
Is 15 a factor of 2156807341?
False
Does 3 divide 4245591?
True
Is 21 a factor of 438513795?
False
Does 152 divide 40074800?
True
Is 278253145 a multiple of 1113?
False
Is 1014309621 a multiple of 8307?
True
Is 77855616 a multiple of 24?
True
Is 798984449 a multiple of 3617?
True
Is 33290208 a multiple of 294?
True
Does 273 divide 3887235143?
False
Is 3150 a factor of 55446300?
True
Is 404362720 a multiple of 2656?
True
Does 1001 divide 90944135?
False
Does 308 divide 152336800?
True
Is 7 a factor of 87161280?
False
Is 575 a factor of 103381517?
False
Does 24 divide 408129000?
True
Does 12 divide 64846047?
False
Does 13 divide 10416525?
False
Is 168235690 a multiple of 95?
True
Is 79 a factor of 9520115?
False
Is 6873882 a multiple of 6?
True
Does 9 divide 6609994705?
False
Is 3 a factor of 270257250?
True
Is 19587377 a multiple of 1231?
False
Is 820515977 a multiple of 4124?
False
Does 26 divide 23244?
True
Is 71909793 a multiple of 393?
False
Does 20 divide 17879905?
False
Does 11 divide 3503852?
True
Is 31651354 a multiple of 14?
True
Is 1522346 a multiple of 2?
True
Does 454 divide 196005983?
False
Does 907 divide 401713021?
True
Does 5 divide 35273429?
False
Is 764 a factor of 16996033?
False
Is 2837 a factor of 130768678?
True
Is 392 a factor of 385898520?
True
Is 26 a factor of 56329650?
True
Is 40 a factor of 1272041920?
True
Is 699 a factor of 116651217?
True
Does 3049 divide 640469891?
True
Is 95 a factor of 760729980?
True
Does 4864 divide 136941056?
True
Does 10 divide 606206720?
True
Is 1532159000 a multiple of 34?
True
Is 15947765 a multiple of 207?
False
Is 589362608 a multiple of 1429?
False
Is 20305775 a multiple of 665?
True
Is 321 a factor of 2250487749?
False
Is 52529735 a multiple of 46?
False
Is 43066635 a multiple of 3309?
True
Is 7 a factor of 1105479935?
True
Is 47 a factor of 259789103?
False
Is 4495460 a multiple of 10?
True
Is 41 a factor of 1125639117?
False
Is 55379900 a multiple of 5232?
False
Is 7 a factor of 57262796?
False
Is 52 a factor of 20312767?
False
Does 889 divide 52964842?
True
Is 1029967002 a multiple of 93?
True
Does 8 divide 97935060?
False
Does 3732 divide 387409688?
False
Is 23 a factor of 156109214?
False
Is 565 a factor of 91788770?
True
Does 2738 divide 1442548156?
True
Is 49 a factor of 13228056?
False
Is 4200641 a multiple of 138?
False
Does 15 divide 13625512?
False
Is 118458948 a multiple of 1761?
True
Is 41 a factor of 490727890?
False
Does 5280 divide 326493767?
False
Does 22 divide 656628026?
False
Is 25 a factor of 170692694?
False
Does 2153 divide 3006789374?
True
Is 4347 a factor of 333474681?
False
Is 6746519907 a multiple of 448?
False
Does 597 divide 71714851?
False
Is 69235067 a multiple of 126?
False
Is 205 a factor of 784291676?
False
Does 30 divide 341687760?
True
Is 120 a factor of 54206880?
True
Is 749 a factor of 969997693?
True
Does 2753 divide 89781537?
False
Is 2341109697 a multiple of 748?
False
Is 458341106 a multiple of 166?
True
Is 819 a factor of 508601978?
False
Is 24222139 a multiple of 83?
True
Is 7 a factor of 23779994?
True
Is 92 a factor of 49376214?
False
Is 1945968422 a multiple of 1792?
False
Is 248 a factor of 1183898196?
False
Is 1411840891 a multiple of 598?
False
Is 59 a factor of 2102437716?
False
Is 3486570 a multiple of 69?
True
Is 45760776 a multiple of 3935?
False
Does 14 divide 553015624?
True
Is 139 a factor of 259249039?
True
Does 928 divide 1070470309?
False
Does 796 divide 1105913048?
True
Does 11 divide 35783?
True
Does 6 divide 453521?
False
Does 66 divide 47513202?
True
Is 625723874 a multiple of 109?
True
Is 3069239860 a multiple of 95?
True
Is 4658 a factor of 757353536?
True
Is 80 a factor of 219996240?
True
Is 812265191 a multiple of 1727?
False
Is 27280896 a multiple of 9?
False
Does 27 divide 2228547583?
False
Does 22 divide 4159210?
True
Is 81311328 a multiple of 96?
True
Is 14415262 a multiple of 19?
True
Is 346 a factor of 44697002?
False
Is 1592194704 a multiple of 404?
True
Is 31 a factor of 37498437?
True
Is 284845752 a multiple of 1704?
True
Is 862182528 a multiple of 58?
True
Is 10672439 a multiple of 32?
False
Is 11473593 a multiple of 141?
True
Is 509109436 a multiple of 484?
True
Does 175 divide 3034564141?
False
Is 7546942 a multiple of 218?
True
Is 3000920887 a multiple of 11?
False
Is 10178935 a multiple of 211?
False
Does 1388 divide 25598884?
True
Does 297 divide 10734174?
True
Is 17 a factor of 158751095?
False
Does 25 divide 1627650?
True
Is 2266 a factor of 328230100?
True
Does 29 divide 185442675?
True
Does 42 divide 400472393?
False
Is 1642475634 a multiple of 722?
True
Is 108 a factor of 143477654?
False
Is 14456367 a multiple of 347?
True
Is 27 a factor of 211314502?
False
Does 414 divide 20009862?
True
Does 26 divide 986076?
True
Is 25 a factor of 25436894?
False
Does 5 divide 36891390?
True
Is 11 a factor of 14947802?
False
Is 663 a factor of 777882651?
True
Does 100 divide 328345400?
True
Is 13061652 a multiple of 3?
True
Is 285 a factor of 402436815?
True
Is 65 a factor of 688352348?
False
Is 7310967 a multiple of 14?
False
Is 473519959 a multiple of 9?
False
Is 761587850 a multiple of 155?
True
Does 1390 divide 8784630?
False
Is 6736512 a multiple of 128?
True
Does 14 divide 28950923?
False
Is 102 a factor of 402179800?
False
Is 16 a factor of 325086954?
False
Is 13099923 a multiple of 219?
True
Is 525448768 a multiple of 52?
True
Is 12 a factor of 66706870?
False
Does 3 divide 54935030?
False
Is 27 a factor of 328126?
False
Does 505 divide 180555175?
True
Is 17 a factor of 125293670?
False
Does 6 divide 19639